{"id":15982,"date":"2023-09-16T10:52:29","date_gmt":"2023-09-16T10:52:29","guid":{"rendered":"https:\/\/fashion-wall.de\/?post_type=product&#038;p=15982"},"modified":"2023-09-19T20:35:26","modified_gmt":"2023-09-19T20:35:26","slug":"boxershorts-mix-schwarz-6pack","status":"publish","type":"product","link":"https:\/\/fashion-wall.de\/es\/product\/boxershorts-mix-schwarz-6pack\/","title":{"rendered":"Calzoncillos Boxer - Mix (Negro,Rojo,Azul,Gris) 6 Pack"},"content":{"rendered":"<p><span class=\"a-list-item\"><strong>\u2713 ESTILO Y MASCULINA para SENTIRSE BIEN:<\/strong> Los calzoncillos b\u00f3xer originales para hombre DON GIOVANNI se ajustan perfectamente al cuerpo para ofrecer una sensaci\u00f3n de frescura para la vida diaria, el trabajo y el deporte en elegantes colores que irradian juventud y vitalidad - ideal como regalo para la familia, los chicos, el marido, el padre y el amigo en un pack de valor 3\/6<\/span><\/p>\n<p><span class=\"a-list-item\"><strong> AJUSTE PERFECTO gracias al ALGOD\u00d3N STRETCH:<\/strong> Dise\u00f1o cl\u00e1sico italiano en suave algod\u00f3n el\u00e1stico - cintura el\u00e1stica - ce\u00f1ido al cuerpo - sin pinzamientos ni enrollamientos en las perneras del pantal\u00f3n. <\/span><\/p>\n<p><span class=\"a-list-item\"><strong> GRAN COMODIDAD Y TRANSPIRABILIDAD:<\/strong> s\u00faper c\u00f3modo de llevar - confortable, extremadamente suave y mimoso - transpirable y que absorbe el sudor - sin sudoraci\u00f3n innecesaria - sin etiqueta que pique <\/span><\/p>\n<p><span class=\"a-list-item\"><strong> \u2713 MEJOR CALIDAD Y MANO DE OBRA DE ALTA CALIDAD:<\/strong> confeccionada en un material suave, agradable a la piel, con costuras planas suaves: 95% algod\u00f3n + 5% elast\u00e1n - NO microfibra - NO poli\u00e9ster - reduce la transpiraci\u00f3n <\/span><\/p>\n<p><span class=\"a-list-item\"><strong> \u2713 DISE\u00d1ADO EN MILANO:<\/strong> Con la visi\u00f3n de crear la mejor ropa interior para hombre, nuestra marca naci\u00f3 de la pasi\u00f3n por el dise\u00f1o italiano. DON GIOVANNI - \u00a1lleva la leyenda, s\u00e9 la leyenda!<\/span><\/p>","protected":false},"excerpt":{"rendered":"<p><span class=\"a-list-item\">Color: pack de 6 (3x negro, azul, rojo, gris)<\/span><\/p>\n<p><span class=\"a-list-item\">95% algod\u00f3n + 5% elast\u00e1n<\/span><\/p>","protected":false},"featured_media":16648,"template":"","meta":[],"product_cat":[97,100],"product_tag":[],"yoast_head":"<!-- This site is optimized with the Yoast SEO plugin v21.1 - https:\/\/yoast.com\/wordpress\/plugins\/seo\/ -->\n<title>Boxershorts \u2013 Mix (Schwarz,Rot,Blau,Grau) 6er Pack - Fashion Wall<\/title>\n<meta name=\"robots\" content=\"index, follow, max-snippet:-1, max-image-preview:large, max-video-preview:-1\" \/>\n<link rel=\"canonical\" href=\"https:\/\/fashion-wall.de\/es\/product\/boxershorts-mix-schwarz-6pack\/\" \/>\n<meta property=\"og:locale\" content=\"es_ES\" \/>\n<meta property=\"og:type\" content=\"article\" \/>\n<meta property=\"og:title\" content=\"Boxershorts \u2013 Mix (Schwarz,Rot,Blau,Grau) 6er Pack - Fashion Wall\" \/>\n<meta property=\"og:description\" content=\"Farbe: 6er Pack (3x Schwarz, Blau, Rot, Grau)  95% Baumwolle + 5% Elasthan\" \/>\n<meta property=\"og:url\" content=\"https:\/\/fashion-wall.de\/es\/product\/boxershorts-mix-schwarz-6pack\/\" \/>\n<meta property=\"og:site_name\" content=\"Fashion Wall\" \/>\n<meta property=\"article:modified_time\" content=\"2023-09-19T20:35:26+00:00\" \/>\n<meta property=\"og:image\" content=\"https:\/\/fashion-wall.de\/wp-content\/uploads\/2023\/09\/DG_6-Mix-Black-scaled.jpg\" \/>\n\t<meta property=\"og:image:width\" content=\"2560\" \/>\n\t<meta property=\"og:image:height\" content=\"2560\" \/>\n\t<meta property=\"og:image:type\" content=\"image\/jpeg\" \/>\n<meta name=\"twitter:card\" content=\"summary_large_image\" \/>\n<meta name=\"twitter:label1\" content=\"Tiempo de lectura\" \/>\n\t<meta name=\"twitter:data1\" content=\"1 minuto\" \/>\n<script type=\"application\/ld+json\" class=\"yoast-schema-graph\">{\"@context\":\"https:\/\/schema.org\",\"@graph\":[{\"@type\":\"WebPage\",\"@id\":\"https:\/\/fashion-wall.de\/product\/boxershorts-mix-schwarz-6pack\/\",\"url\":\"https:\/\/fashion-wall.de\/product\/boxershorts-mix-schwarz-6pack\/\",\"name\":\"Boxershorts \u2013 Mix (Schwarz,Rot,Blau,Grau) 6er Pack - Fashion Wall\",\"isPartOf\":{\"@id\":\"https:\/\/fashion-wall.de\/#website\"},\"datePublished\":\"2023-09-16T10:52:29+00:00\",\"dateModified\":\"2023-09-19T20:35:26+00:00\",\"breadcrumb\":{\"@id\":\"https:\/\/fashion-wall.de\/product\/boxershorts-mix-schwarz-6pack\/#breadcrumb\"},\"inLanguage\":\"es\",\"potentialAction\":[{\"@type\":\"ReadAction\",\"target\":[\"https:\/\/fashion-wall.de\/product\/boxershorts-mix-schwarz-6pack\/\"]}]},{\"@type\":\"BreadcrumbList\",\"@id\":\"https:\/\/fashion-wall.de\/product\/boxershorts-mix-schwarz-6pack\/#breadcrumb\",\"itemListElement\":[{\"@type\":\"ListItem\",\"position\":1,\"name\":\"Home\",\"item\":\"https:\/\/fashion-wall.de\/\"},{\"@type\":\"ListItem\",\"position\":2,\"name\":\"Shop\",\"item\":\"https:\/\/fashion-wall.de\/shop\/\"},{\"@type\":\"ListItem\",\"position\":3,\"name\":\"Boxershorts \u2013 Mix (Schwarz,Rot,Blau,Grau) 6er Pack\"}]},{\"@type\":\"WebSite\",\"@id\":\"https:\/\/fashion-wall.de\/#website\",\"url\":\"https:\/\/fashion-wall.de\/\",\"name\":\"Fashion Wall\",\"description\":\"\",\"publisher\":{\"@id\":\"https:\/\/fashion-wall.de\/#organization\"},\"potentialAction\":[{\"@type\":\"SearchAction\",\"target\":{\"@type\":\"EntryPoint\",\"urlTemplate\":\"https:\/\/fashion-wall.de\/?s={search_term_string}\"},\"query-input\":\"required name=search_term_string\"}],\"inLanguage\":\"es\"},{\"@type\":\"Organization\",\"@id\":\"https:\/\/fashion-wall.de\/#organization\",\"name\":\"Fashion Wall\",\"url\":\"https:\/\/fashion-wall.de\/\",\"logo\":{\"@type\":\"ImageObject\",\"inLanguage\":\"es\",\"@id\":\"https:\/\/fashion-wall.de\/#\/schema\/logo\/image\/\",\"url\":\"http:\/\/fashion-wall.de\/wp-content\/uploads\/2023\/09\/Logo-Fashion-Wall.png\",\"contentUrl\":\"http:\/\/fashion-wall.de\/wp-content\/uploads\/2023\/09\/Logo-Fashion-Wall.png\",\"width\":851,\"height\":341,\"caption\":\"Fashion Wall\"},\"image\":{\"@id\":\"https:\/\/fashion-wall.de\/#\/schema\/logo\/image\/\"}}]}<\/script>\n<!-- \/ Yoast SEO plugin. -->","yoast_head_json":{"title":"Boxershorts \u2013 Mix (Schwarz,Rot,Blau,Grau) 6er Pack - Fashion Wall","robots":{"index":"index","follow":"follow","max-snippet":"max-snippet:-1","max-image-preview":"max-image-preview:large","max-video-preview":"max-video-preview:-1"},"canonical":"https:\/\/fashion-wall.de\/es\/product\/boxershorts-mix-schwarz-6pack\/","og_locale":"es_ES","og_type":"article","og_title":"Boxershorts \u2013 Mix (Schwarz,Rot,Blau,Grau) 6er Pack - Fashion Wall","og_description":"Farbe: 6er Pack (3x Schwarz, Blau, Rot, Grau)  95% Baumwolle + 5% Elasthan","og_url":"https:\/\/fashion-wall.de\/es\/product\/boxershorts-mix-schwarz-6pack\/","og_site_name":"Fashion Wall","article_modified_time":"2023-09-19T20:35:26+00:00","og_image":[{"width":2560,"height":2560,"url":"https:\/\/fashion-wall.de\/wp-content\/uploads\/2023\/09\/DG_6-Mix-Black-scaled.jpg","type":"image\/jpeg"}],"twitter_card":"summary_large_image","twitter_misc":{"Tiempo de lectura":"1 minuto"},"schema":{"@context":"https:\/\/schema.org","@graph":[{"@type":"WebPage","@id":"https:\/\/fashion-wall.de\/product\/boxershorts-mix-schwarz-6pack\/","url":"https:\/\/fashion-wall.de\/product\/boxershorts-mix-schwarz-6pack\/","name":"Boxershorts \u2013 Mix (Schwarz,Rot,Blau,Grau) 6er Pack - Fashion Wall","isPartOf":{"@id":"https:\/\/fashion-wall.de\/#website"},"datePublished":"2023-09-16T10:52:29+00:00","dateModified":"2023-09-19T20:35:26+00:00","breadcrumb":{"@id":"https:\/\/fashion-wall.de\/product\/boxershorts-mix-schwarz-6pack\/#breadcrumb"},"inLanguage":"es","potentialAction":[{"@type":"ReadAction","target":["https:\/\/fashion-wall.de\/product\/boxershorts-mix-schwarz-6pack\/"]}]},{"@type":"BreadcrumbList","@id":"https:\/\/fashion-wall.de\/product\/boxershorts-mix-schwarz-6pack\/#breadcrumb","itemListElement":[{"@type":"ListItem","position":1,"name":"Home","item":"https:\/\/fashion-wall.de\/"},{"@type":"ListItem","position":2,"name":"Shop","item":"https:\/\/fashion-wall.de\/shop\/"},{"@type":"ListItem","position":3,"name":"Boxershorts \u2013 Mix (Schwarz,Rot,Blau,Grau) 6er Pack"}]},{"@type":"WebSite","@id":"https:\/\/fashion-wall.de\/#website","url":"https:\/\/fashion-wall.de\/","name":"Fashion Wall","description":"","publisher":{"@id":"https:\/\/fashion-wall.de\/#organization"},"potentialAction":[{"@type":"SearchAction","target":{"@type":"EntryPoint","urlTemplate":"https:\/\/fashion-wall.de\/?s={search_term_string}"},"query-input":"required name=search_term_string"}],"inLanguage":"es"},{"@type":"Organization","@id":"https:\/\/fashion-wall.de\/#organization","name":"Fashion Wall","url":"https:\/\/fashion-wall.de\/","logo":{"@type":"ImageObject","inLanguage":"es","@id":"https:\/\/fashion-wall.de\/#\/schema\/logo\/image\/","url":"http:\/\/fashion-wall.de\/wp-content\/uploads\/2023\/09\/Logo-Fashion-Wall.png","contentUrl":"http:\/\/fashion-wall.de\/wp-content\/uploads\/2023\/09\/Logo-Fashion-Wall.png","width":851,"height":341,"caption":"Fashion Wall"},"image":{"@id":"https:\/\/fashion-wall.de\/#\/schema\/logo\/image\/"}}]}},"_links":{"self":[{"href":"https:\/\/fashion-wall.de\/es\/wp-json\/wp\/v2\/product\/15982"}],"collection":[{"href":"https:\/\/fashion-wall.de\/es\/wp-json\/wp\/v2\/product"}],"about":[{"href":"https:\/\/fashion-wall.de\/es\/wp-json\/wp\/v2\/types\/product"}],"version-history":[{"count":4,"href":"https:\/\/fashion-wall.de\/es\/wp-json\/wp\/v2\/product\/15982\/revisions"}],"predecessor-version":[{"id":16651,"href":"https:\/\/fashion-wall.de\/es\/wp-json\/wp\/v2\/product\/15982\/revisions\/16651"}],"wp:featuredmedia":[{"embeddable":true,"href":"https:\/\/fashion-wall.de\/es\/wp-json\/wp\/v2\/media\/16648"}],"wp:attachment":[{"href":"https:\/\/fashion-wall.de\/es\/wp-json\/wp\/v2\/media?parent=15982"}],"wp:term":[{"taxonomy":"product_cat","embeddable":true,"href":"https:\/\/fashion-wall.de\/es\/wp-json\/wp\/v2\/product_cat?post=15982"},{"taxonomy":"product_tag","embeddable":true,"href":"https:\/\/fashion-wall.de\/es\/wp-json\/wp\/v2\/product_tag?post=15982"}],"curies":[{"name":"wp","href":"https:\/\/api.w.org\/{rel}","templated":true}]}}

<p><span class="a-list-item"><strong>✓ ESTILO Y MASCULINA para SENTIRSE BIEN:</strong> Los calzoncillos bóxer originales para hombre DON GIOVANNI se ajustan perfectamente al cuerpo para ofrecer una sensación de frescura para la vida diaria, el trabajo y el deporte en elegantes colores que irradian juventud y vitalidad - ideal como regalo para la familia, los chicos, el marido, el padre y el amigo en un pack de valor 3/6</span></p>
<p><span class="a-list-item"><strong> AJUSTE PERFECTO gracias al ALGODÓN STRETCH:</strong> Diseño clásico italiano en suave algodón elástico - cintura elástica - ceñido al cuerpo - sin pinzamientos ni enrollamientos en las perneras del pantalón. </span></p>
<p><span class="a-list-item"><strong> GRAN COMODIDAD Y TRANSPIRABILIDAD:</strong> súper cómodo de llevar - confortable, extremadamente suave y mimoso - transpirable y que absorbe el sudor - sin sudoración innecesaria - sin etiqueta que pique </span></p>
<p><span class="a-list-item"><strong> ✓ MEJOR CALIDAD Y MANO DE OBRA DE ALTA CALIDAD:</strong> confeccionada en un material suave, agradable a la piel, con costuras planas suaves: 95% algodón + 5% elastán - NO microfibra - NO poliéster - reduce la transpiración </span></p>
<p><span class="a-list-item"><strong> ✓ DISEÑADO EN MILANO:</strong> Con la visión de crear la mejor ropa interior para hombre, nuestra marca nació de la pasión por el diseño italiano. DON GIOVANNI - ¡lleva la leyenda, sé la leyenda!</span></p>

<p><span class="a-list-item">Color: pack de 6 (3x negro, azul, rojo, gris)</span></p>
<p><span class="a-list-item">95% algodón + 5% elastán</span></p>
